) = -125*u**3 - 11*u**2 - 13*u - 1. Let k(g) = 437*g**3 + 31*g**2 + 39*g + 4. Let h(c) = -2*k(c) - 7*v(c). Calculate h(l).
13
Let i = 4 + -5. Suppose 3*z + 3*z = 12. Let v(j) = -10*j**3 - 7*j**2 + 5*j**3 + 6*j**z. Give v(i).
4
Let m(n) = -61*n - 3*n**2 - 58*n + n**3 + 1 + 206*n - 77*n - 2*n**3. What is m(-5)?
1
Let r(h) be the third derivative of h**4/4 - 17*h**3/6 - 7388*h**2. What is r(-4)?
-41
Let z(a) be the first derivative of 7*a**2 + 100*a - 1510. Calculate z(-7).
2
Let i(b) = -6*b - 6. Let t(x) be the second derivative of -x**4/12 - 4*x**3/3 - 2*x**2 + 2*x - 40. Let f be t(-8). Determine i(f).
18
Let d(v) = 2*v**2 - 4. Let s = -2873 - -2878. Calculate d(s).
46
Let r(l) = 9*l - 196. Let g(b) = b**2 - 13*b + 64. Let s be g(6). Determine r(s).
2
Let h(y) = 21*y + 7. Let s = -1113 - -1111. Give h(s).
-35
Let k be (-2)/2*(-84)/(-34 - -22). Let w(l) = -l**2 + 8*l + 114. Calculate w(k).
9
Let y(o) = -2*o + 1061 - 2086 + 1035. Determine y(-1).
12
Suppose -5*l + 15 = -o, -37*l + 41*l - 12 = 4*o. Let y(m) be the second derivative of o + 18*m - 1/2*m**2 + 1/2*m**3. Calculate y(-1).
-4
Let j = 15 + -10. Suppose -y = 5*t - j, t + 6 = 4*y + 28. Let v(h) be the third derivative of h**5/20 + h**4/8 - h**3/6 + 14*h**2. Determine v(t).
17
Let m(x) = -x**2 - x + 9. Suppose -8 = -4*v, 0 = 2*u + 3*u - 2*v + 414. Let t = 82 + u. Determine m(t).
9
Let m(j) be the second derivative of 1/12*j**4 + 9 - j - 7/6*j**3 - 4*j**2. What is m(8)?
0
Let w = -51 + 21. Let b be 10 + 70/w - 1/(-3). Let v(q) = q**3 - 7*q**2 - 11*q + 9. What is v(b)?
-15
Let c be (3/(-1) - -4)*0. Suppose 5*o = -c*o + g + 18, g - 2 = 0. Let l(m) = 7*m - 10*m - 6 + 5*m. Give l(o).
2
Let c(h) = -9*h**2 - 30*h - 27. Let y(z) = 5*z**2 + 15*z + 14. Let l(k) = 4*c(k) + 7*y(k). Suppose -14 = -22*o + 23*o. Give l(o).
4
Let i(t) = 12*t**2 + 4*t - 5. Let y be 5/4 + 579/772. Calculate i(y).
51
Let t be (112/21 - 6)*33/(-2). Let s(z) = 14*z**3 - 13*z**2 + 19*z - 35. Let k(u) = -5*u**3 + 4*u**2 - 6*u + 12. Let w(n) = t*k(n) + 4*s(n). What is w(6)?
-20
Suppose 24*p = 22*p + 36. Let u(t) = -8 - 2*t + t - 14 + p. What is u(-6)?
2
Let c = -11494 - -11493. Let l(s) = 10*s**2 - 4*s - 5. Determine l(c).
9
Let h = 7496 - 7492. Let a(u) be the third derivative of -32*u**2 - 1/6*u**h + 0*u + 1/2*u**3 + 1/60*u**5 + 0. Give a(3).
0
Let l(p) be the third derivative of -17*p**4/8 + 80*p**3/3 - 3*p**2 - 538*p - 3. What is l(3)?
7
Suppose 4*r + 1 = 13. Let b(j) = -4*j + 12*j - j**3 - 6*j - 5*j**2 - r + 2*j. Suppose -33 = 3*l - 5*t, -4*l - t = 4*t + 9. Determine b(l).
9
Let k(l) = l**3 + 17*l**2 + 31*l + 18. Let x be k(-15). Suppose 2*z = -5*u + 3*u + 4, 0 = -x*u + 12. Let c(j) = -6*j + 2. Give c(z).
14
Let h(r) = r - 3. Suppose 2*j + 2*g + 14 = 0, 4*g + 3 = -5*j - 29. Let s be j/16 - 515/20. Let w be 0/(-1)*(-13)/s. Give h(w).
-3
Suppose 0 + 2 = k. Suppose -k*y + 5*m + 25 = 0, -4*y + 2*m = -5*y - 10. Suppose -1 = z - y. Let t(a) = -20*a**3 + a**2 + a. Determine t(z).
20
Let f(d) = 6*d + 3*d**2 - 73*d**2 + 69*d**2. What is f(8)?
-16
Let n(c) = 11*c**3 - 39*c**2 + 24*c - 12. Let i(v) = -6*v**3 + 21*v**2 - 13*v + 6. Let q(k) = 7*i(k) + 4*n(k). What is q(3)?
-18
Let x = 391 - 295. Suppose -73*b = -x*b + 253. Let j(v) = -v**3 + 11*v**2 - v + 12. What is j(b)?
1
Let o(u) = -u + 3. Suppose 17 = 4*d - 23. Suppose 5*t - d = -55. Let j = 9 + t. Calculate o(j).
3
Let s be ((-6 - 230/(-40)) + -2)*-4. Let g(k) = 31*k - 279. Determine g(s).
0
Let r(b) = -b**2 - 508*b - 3501. Let f be r(-7). Let a(n) = -n**3 + 7*n**2 - 8*n + 9. Determine a(f).
-3
Suppose -3 - 29 = -8*f. Suppose -f*a + 48 = 6*d - 10*d, 0 = -a + 4*d + 12. Let y(s) = -2*s + 14. Give y(a).
-10
Suppose -4*l + 16 = -3*t, 20*t + 4*l = 17*t + 40. Let o(v) be the third derivative of 1/24*v**t + 0*v + 0 - 12*v**2 + 0*v**3. What is o(-4)?
-4
Let w(d) be the third derivative of -d**4/24 - d**3/3 + 7*d**2 + 29*d + 15. Suppose -2*x - 2*x = -4. Determine w(x).
-3
Let a(d) = 158 - 122 + 39*d - 30 + 189. Give a(-5).
0
Let z(t) = -t - 8. Let m be z(-11). Suppose -u = -4*h + 17, -h + 3*u = 4*u - m. Let f(s) = -2*s**2 + h*s + 2*s**2 - s + s**2. Calculate f(-4).
4
Let t(l) = -2*l + 8. Let k(j) = 200*j + 199*j - 400*j - 8*j**2. Let a(h) = -h**2 - 9*h + 9. Let z be a(-10). Let b be k(z). Calculate t(b).
22
Let d(y) = -2*y**2 + 16*y - 1. Let p(k) = 81*k + 1952. Let b be p(-24). What is d(b)?
-1
Suppose 2*a = -4*l + 14, 4*a - 25 = -5*l - 0*a. Let y(m) = -m**3 + m + 1. Let x(d) = -4*d**3 - 7*d - 6. Let c(q) = l*x(q) + 6*y(q). Let b = 3 + -2. Give c(b).
-11
Let a(b) be the second derivative of b**4/12 - 5*b**3/6 + 18360*b. Let p be ((-6)/9)/((-4)/30). Let h(d) = d**2 - 3*d - 6. Let g be h(p). Calculate a(g).
-4
Let z(r) = -6*r - 3. Let h(n) = 4*n - 2. Let o be h(-7). Suppose b - 3*l - 24 = 0, 3*l + 21 = 2*b - 36. Let f = o + b. Give z(f).
-21
Let z(s) = -s**3 + 11*s**2 - 9*s. Let f = 2947 + -2937. What is z(f)?
10
Let u(f) = f + 63. Let m = -1500 - -1489. Calculate u(m).
52
Let l be (3/3)/(((-35)/(-7))/(-2465)). Let r = -488 - l. Let d(z) = -2*z**2 + 2*z + 4. What is d(r)?
-36
Let t(x) = -5*x - 27. Let l(a) = 5*a + 16. Let i(n) = 5*l(n) + 3*t(n). Determine i(0).
-1
Suppose 0 = 2*y + 5*f - 11, -f = -4*y + 2*f - 17. Let x(s) = 4*s + 10. Give x(y).
2
Let i(g) = 12*g**2 - 3*g - 9. Suppose 449*f = 224*f + 233*f + 16. Determine i(f).
45
Suppose 49*o - 6 = 47*o. Let x(g) be the first derivative of -3 - 7 + 0*g**o - 5 - g**3. Determine x(1).
-3
Let b(r) = -r**3 - 12*r**2 - 4*r - 12. Let y be b(-11). Suppose 0 = -3*u - 4*u - 630. Let d = u - y. Let k(z) = 16*z**2 - z - 1. Determine k(d).
16
Let q(k) = 17*k + 10. Let z(u) = 6*u + 3. Let a(y) = 4*q(y) - 11*z(y). Let n(g) = g**3 + 10*g**2 + 9*g - 5. Let p be n(-9). What is a(p)?
-3
Let t(d) = -17*d**2 + 2*d + 15*d**2 + 7*d + 65 + 4*d - 101. Calculate t(4).
-16
Suppose u + o - 1 = 124, -3*u + 3*o = -369. Let f(h) = -123*h + 4 - 3 + 9 + u*h. Let q = -41 + 32. Give f(q).
1
Let d(b) be the second derivative of 0 - 11/6*b**3 - 14*b**2 - 1/12*b**4 + 13*b. Let v be d(-5). Let q(y) = y**2 - 2*y + 2. Calculate q(v).
2
Let b(h) = -16*h - 56. Let c(o) = 4*o + 6. Let d(u) = -b(u) - 5*c(u). Give d(16).
-38
Let n(c) = 785*c + 48. Let s(h) = -470*h - 24. Let q(u) = 3*n(u) + 5*s(u). Determine q(6).
54
Let a(c) = -3*c + 468*c**3 + 2*c**2 - 947*c**3 + 478*c**3 - 6*c**2. Calculate a(-4).
12
Suppose 124 = -17*m + 73. Suppose 1 = -2*z + 3. Let u(b) = -3*b**3 + 4*b**3 + 0*b + 3*b**2 + b - z. Determine u(m).
-4
Let m(j) = 5*j**3 - j**2 + 17. Let b(p) = -23*p**3 + 4*p**2 + 2*p - 83. Let o(i) = b(i) + 5*m(i). Calculate o(0).
2
Let l(r) be the second derivative of r**5/20 - r**2/2 + 4*r. Let c be 2 - (-6 + 4 + -2). Let m be ((-2)/(-4))/(3/c). What is l(m)?
0
Let n(w) be the first derivative of 1/3*w**3 + 2*w - 5/2*w**2 - 1. Let y(o) = 178*o - 351. Let k be y(2). Give n(k).
2
Let n(r) = -2*r**2. Let l(c) = 177*c**2 - 7 - 168*c**2 - 2 + c**3 - 2*c. Let p be l(-9). Suppose -p*h = -12*h - 3. Determine n(h).
-2
Let g(h) = 0*h**3 - 17*h**2 + h + 8*h**2 - h**3 - 13*h + 3*h**2 - 22. Calculate g(-4).
-6
Let i(v) be the second derivative of -v**5/120 - v**4/12 + 31*v**3/6 - v**2/2 + 4*v + 9. Let s(o) be the second derivative of i(o). Give s(-6).
4
Let r be 39/9 - (-10)/15. Let w = 92 + -87. Let k(p) = p**2 - 3 - w*p + 0 + 9. Calculate k(r).
6
Let u(n) = -29843*n - 62 + 14912*n + 14924*n. What is u(-15)?
43
Let a(p) = 7*p**2 - 15*p + 7. Let v(n) = -5*n**2 - 19*n - 4. Let r be v(-4). Let g(b) = -11*b**2 + 22*b - 11. Let l(z) = r*a(z) - 5*g(z). Determine l(7).
20
Suppose 0 = -v - v + 14. Let j(a) = -8*a**3 - 14*a**2 + 34. Let i(g) = -13*g**3 - 26*g**2 + 3*g + 54. Let t(y) = 3*i(y) - 5*j(y). Give t(v).
6
Suppose -g + 4*v + 3 = 0, v = 2*g + 5*v + 6. Let q(x) be the third derivative of 0*x + 1/6*x**3 + 0 - 13/12*x**4 + 56*x**2. Calculate q(g).
27
Let l(n) = -2*n**2 + 9*n + 39. Suppose 71*b - 83*b + 84 = 0. Determine l(b).
4
Let a(o) = o**3 - 16*o**2 - 17*o - 3. Let j(c) = -3*c**2 + 7*c - 7. Let q be j(1). Let v be 1/(-2) - (-420)/(-72)*q. Give a(v).
-3
Let q(u) be the second derivative of -5*u**3/6 + 2*u**2 - 107*u. Let x = -25 + 49. Suppose 0 = 4*o + 4 - x. Determine q(o).
-21
Suppose 0*d - 5*d + 20 = 0. Let g(b) = 3*b + 0*b**2 - 4*b**2 + b**2 + 2*b**2 + d. Let r = 392 - 387. Determine g(r).
